{"id":314,"date":"2024-06-28T10:02:28","date_gmt":"2024-06-28T07:02:28","guid":{"rendered":"http:\/\/www.buyukkutluvakfi.org.tr\/?page_id=314"},"modified":"2025-08-22T16:42:32","modified_gmt":"2025-08-22T13:42:32","slug":"burs-basvuru-ekrani","status":"publish","type":"page","link":"https:\/\/www.buyukkutluvakfi.org.tr\/?page_id=314","title":{"rendered":"Burs Ba\u015fvuru Ekran\u0131"},"content":{"rendered":"\n<p>Ba\u015fvurunuzun sorunsuz ilerleyebilmesi i\u00e7in, bursiyer adaylar\u0131n\u0131n kulland\u0131klar\u0131 web taray\u0131c\u0131s\u0131nda \u00e7erezler ve taray\u0131c\u0131 verilerinin bir defaya mahsus olacak \u015fekilde temizlenmesi gerekmektedir.<\/p>\n\n\n\n<div class=\"wp-block-themeisle-blocks-advanced-columns has-1-columns has-desktop-equal-layout has-tablet-equal-layout has-mobile-equal-layout has-default-gap has-vertical-unset\" id=\"wp-block-themeisle-blocks-advanced-columns-5383cb4b\"><div class=\"wp-block-themeisle-blocks-advanced-columns-overlay\"><\/div><div class=\"innerblocks-wrap\">\n<div class=\"wp-block-themeisle-blocks-advanced-column\" id=\"wp-block-themeisle-blocks-advanced-column-44f80be4\">\n<div id=\"ff-compose\"><\/div>\n<script async defer src=\"https:\/\/formfacade.com\/include\/109027361779325374433\/form\/1FAIpQLSdYpf0BgjrupiqdDqJ2i6-hcSITTBizrghrbUvUsqHn5WnQRQ\/wordpress.js?div=ff-compose\"><\/script>\n<\/div>\n<\/div><\/div>\n","protected":false},"excerpt":{"rendered":"<p>Ba\u015fvurunuzun sorunsuz ilerleyebilmesi i\u00e7in, bursiyer adaylar\u0131n\u0131n kulland\u0131klar\u0131 web taray\u0131c\u0131s\u0131nda \u00e7erezler ve taray\u0131c\u0131 verilerinin bir defaya mahsus olacak \u015fekilde temizlenmesi gerekmektedir.<\/p>\n","protected":false},"author":1,"featured_media":0,"parent":0,"menu_order":0,"comment_status":"closed","ping_status":"closed","template":"","meta":[],"_links":{"self":[{"href":"https:\/\/www.buyukkutluvakfi.org.tr\/index.php?rest_route=\/wp\/v2\/pages\/314"}],"collection":[{"href":"https:\/\/www.buyukkutluvakfi.org.tr\/index.php?rest_route=\/wp\/v2\/pages"}],"about":[{"href":"https:\/\/www.buyukkutluvakfi.org.tr\/index.php?rest_route=\/wp\/v2\/types\/page"}],"author":[{"embeddable":true,"href":"https:\/\/www.buyukkutluvakfi.org.tr\/index.php?rest_route=\/wp\/v2\/users\/1"}],"replies":[{"embeddable":true,"href":"https:\/\/www.buyukkutluvakfi.org.tr\/index.php?rest_route=%2Fwp%2Fv2%2Fcomments&post=314"}],"version-history":[{"count":7,"href":"https:\/\/www.buyukkutluvakfi.org.tr\/index.php?rest_route=\/wp\/v2\/pages\/314\/revisions"}],"predecessor-version":[{"id":553,"href":"https:\/\/www.buyukkutluvakfi.org.tr\/index.php?rest_route=\/wp\/v2\/pages\/314\/revisions\/553"}],"wp:attachment":[{"href":"https:\/\/www.buyukkutluvakfi.org.tr\/index.php?rest_route=%2Fwp%2Fv2%2Fmedia&parent=314"}],"curies":[{"name":"wp","href":"https:\/\/api.w.org\/{rel}","templated":true}]}}